5
What is -5a0436 (base 11) in base 15?
-13c1e3
Convert -1451606 (base 11) to base 3.
-11200120001111
What is -61737232 (base 8) in base 2?
-110001111011111010011010
Convert -110002120 (base 7) to base 11.
-37a0535
100110011001010001001110 (base 2) to base 14
149ddca
-4d7698 (base 14) to base 6
-133130434
What is 4b4319 (base 14) in base 16?
277373
110110000110101111 (base 2) to base 3
102020222222
111121002222120 (base 3) to base 11
4095972
What is 45043045 (base 6) in base 13?
387698
Convert 257557 (base 16) to base 8.
11272527
What is -d4c0e (base 16) in base 3?
-1122021101111
What is 1303160 (base 9) in base 5?
140222120
Convert -23312232002 (base 4) to base 8.
-13665602
Convert 330011210 (base 4) to base 14.
6599a
What is 3678d (base 14) in base 4?
200201121
-7a805 (base 12) to base 8
-477405
Convert -2ae6f4 (base 16) to base 15.
-3a8126
What is -43122664 (base 7) in base 6?
-210353334
Convert -15315513 (base 6) to base 15.
-a9b09
What is 46715 (base 13) in base 3?
20112102222
6607401 (base 8) to base 10
1773313
Convert 201020110100 (base 3) to base 16.
5c73c
c6e6a (base 16) to base 10
814698
Convert 12227 (base 10) to base 16.
2fc3
What is -64ac9c (base 14) in base 7?
-40663155
-4fbed (base 16) to base 14
-87073
2210210012222 (base 3) to base 4
11230023233
44466165 (base 7) to base 9
7215203
-4344110202 (base 5) to base 9
-18550770
What is -922007 (base 10) in base 6?
-31432315
Convert 34210241 (base 7) to base 5.
1230233432
12001332110 (base 4) to base 12
642a98
Convert 10162 (base 11) to base 3.
202100021
Convert 9684034 (base 10) to base 7.
145212223
-d5c7 (base 14) to base 13
-139bb
What is 1d32c8 (base 15) in base 13?
3b0135
-209a5a (base 11) to base 9
-561017
1002031103202 (base 4) to base 14
243b106
-1827989 (base 12) to base 9
-10418056
What is -186795 (base 11) in base 16?
-4618c
-30000021011 (base 4) to base 16
-300245
What is 3b5373 (base 12) in base 6?
33030223
Convert -322114131 (base 6) to base 11.
-3245018
What is 36000644 (base 7) in base 14?
5c9a5b
-3310266 (base 9) to base 15
-251d53
Convert 445120252 (base 6) to base 14.
110546c
What is -82135 (base 10) in base 11?
-56789
What is 7624891 (base 10) in base 3?
112100101101101
Convert 404602 (base 15) to base 2.
1011101001001101000000
-62202215 (base 7) to base 3
-100210202002202
What is 3583649 (base 11) in base 12?
2110212
Convert 32022002 (base 4) to base 2.
1110001010000010
1d102 (base 15) to base 3
11210221102
What is -13221133120 (base 4) in base 2?
-111101001011111011000
Convert -64c9da (base 15) to base 14.
-8cdb4c
What is -13247700 (base 10) in base 8?
-62422324
What is -29140a4 (base 11) in base 5?
-2240401120
What is -132210021230 (base 4) in base 6?
-443422232
4730751 (base 9) to base 13
6b7c52
What is -12101103012 (base 4) in base 6?
-55121450
-1100101111100101011000 (base 2) to base 8
-14574530
Convert 1213232021 (base 4) to base 8.
1475611
Convert -243d3 (base 16) to base 14.
-3c147
Convert 186674 (base 11) to base 12.
11a0a4
What is 11ac94 (base 14) in base 2?
10010011111111010010
What is 1b5b21 (base 15) in base 4?
11012011033
Convert -10100331213 (base 4) to base 6.
-35544103
-560401 (base 8) to base 4
-232010001
1244003 (base 5) to base 8
60456
Convert 138288 (base 13) to base 9.
803520
What is 12000114 (base 5) in base 3?
12120002012
Convert d7000 (base 14) to base 11.
32470a
-4122455 (base 8) to base 6
-35214141
Convert -3730a4 (base 12) to base 14.
-194c44
What is 11000110000001011111100 (base 2) in base 4?
120300023330
What is 600a9 (base 11) in base 9?
143588
302102231301 (base 4) to base 11
7495255
Convert -24ecb (base 15) to base 12.
-5840b
What is -113a90 (base 14) in base 2?
-10001111001100111110
Convert -73303 (base 13) to base 16.
-328b4
-310555 (base 7) to base 15
-10b07
Convert 1012300313 (base 5) to base 15.
2adda8
What is -2930453 (base 12) in base 10?
-8274303
-153804 (base 9) to base 3
-11210220011
Convert 3951285 (base 11) to base 7.
112062546
What is 2010220222100 (base 3) in base 13?
30bc4c
101010000011110010001011 (base 2) to base 14
16700b1
-9644 (base 15) to base 12
-16491
What is 100132310 (base 4) in base 11?
467a1
What is 3213 (base 15) in base 7?
42612
8ab8 (base 12) to base 15
486e
Convert -18057062 (base 9) to base 13.
-1b58628
Convert 496b9 (base 16) to base 8.
1113271
22201230 (base 4) to base 7
236463
Convert -114580 (base 9) to base 10.
-69003
-2c8baa (base 13) to base 16
-10dbfd
55065 (base 16) to base 9
580646
Convert 12000220011002 (base 3) to base 5.
1141043221
What is 3240311320 (base 5) in base 7?
113121161
22220221120 (base 3) to base 4
222320202
1313312202 (base 4) to base 2
1110111110110100010
What is -11232331300 (base 4) in base 15?
-1ea55d
What is 140203253 (base 6) in base 2?
1010101111011010110001
What is -279758 (base 10) in base 9?
-465672
-40411204 (base 5) to base 16
-4f8ac
What is 211111102100 (base 3) in base 11?
282764
Convert -1d029 (base 16) to base 13.
-42115
Convert 178086 (base 9) to base 13.
3b619
11d03 (base 14) to base 11
2a928
Convert 17470103 (base 8) to base 11.
23453a4
Convert -a8798b (base 12) to base 2.
-1010001011010010111011
What is -101111010111101 (base 2) in base 11?
-17249
What is -3075075 (base 10) in base 3?
-12210020012200
Convert 116516 (base 11) to base 9.
310727
Convert -14423303 (base 5) to base 11.
-a6363
Convert -28b027 (base 15) to base 7.
-22444642
What is -30001 (base 14) in base 15?
-24234
Convert 149598 (base 10) to base 4.
210201132
1202021121221 (base 3) to base 2
11100011001101100101
-543543 (base 7) to base 5
-11014234
What is 232314 (base 6) in base 9?
30371
What is -123000102 (base 4) in base 5?
-12014420
Convert 1aa96 (base 11) to base 8.
71122
What is 2233103113 (base 4) in base 15?
e2b44
What is -530631 (base 8) in base 2?
-101011000110011001
Convert 1302124 (base 7) to base 5.
20400243
What is -514752 (base 9) in base 16?
-4a8b8
What is 3033b (base 13) in base 11?
59880
-493a8 (base 12) to base 2
-11000001011110000
Convert 152716 (base 9) to base 4.
112323012
What is 97509 (base 13) in base 7?
2215512
10010001011001011 (base 2) to base 6
1332351
What is -376802 (base 15) in base 3?
-11222212100202
Convert b3 (base 16) to base 4.
2303
Convert -101111001201100 (base 3) to base 4.
-111100033110
Convert 378b9 (base 12) to base 16.
1274d
Convert 11a807 (base 11) to base 4.
232120121
Convert -10caec1 (base 15) to base 14.
-1854018
What is 137962 (base 10) in base 8?
415352
Convert 130332100211 (base 4) to base 5.
3421020140
Convert -4fadc (base 16) to base 6.
-10554540
Convert a6344 (base 12) to base 7.
1566121
1544a2 (base 16) to base 7
14563430
What is -104532301 (base 6) in base 12?
-781091
Convert -12200112 (base 5) to base 6.
-2251241
Convert -231203130200 (base 4) to base 9.
-24420785
What is 80952 (base 10) in base 2?
10011110000111000
Convert 100023310011 (base 4) to base 14.
7c6257
What is -161542 (base 10) in base 16?
-27706
-60042 (base 10) to base 3
-10001100210
Convert 1024233213 (base 5) to base 8.
10242521
What is 333211302 (base 4) in base 9?
436256
What is 30327530 (base 8) in base 14?
bc9092
21663 (base 10) to base 11
15304
-8255 (base 10) to base 2
-10000000111111
Convert 518500 (base 14) to base 3.
12011201221012
12043235 (base 6) to base 4
1130210213
What is -30511330 (base 6) in base 3?
-1122201120200
What is -22033112 (base 4) in base 9?
-63472
Convert -305451 (base 7) to base 9.
-78746
What is 31954a (base 12) in base 6?
24443334
-1324504543 (base 6) to base 15
-15e1ee6
What is -11100001100111110000 (base 2) in base 6?
-31450240
Convert 3022331210 (base 5) to base 2.
10111000111000101000001
231575 (base 15) to base 12
68956b
3644 (base 16) to base 4
3121010
-46030044 (base 7) to base 3
-21112120222120
-124315 (base 6) to base 9
-16512
What is 19543 (base 11) in base 15?
8132
What is 2210200201 (base 3) in base 7?
316606
-146125621 (base 7) to base 5
-10001213000
2222102000 (base 3) to base 6
1131213
Convert 1562026 (base 7) to base 4.
310323130
673015 (base 8) to base 9
375132
Convert 47504370 (base 8) to base 13.
21ca0a9
What is 310336 (base 8) in base 11?
70113
What is -4373540 (base 8) in base 16?
-11f760
What is -1a9d6a (base 14) in base 4?
-3213301022
Convert -24033351 (base 6) to base 16.
-b7643
What is 2374064 (base 8) in base 